{"id":22392,"date":"2025-11-10T17:20:57","date_gmt":"2025-11-10T16:20:57","guid":{"rendered":"https:\/\/thewineplace.es\/desarrollo?post_type=product&#038;p=22392"},"modified":"2026-03-16T11:26:15","modified_gmt":"2026-03-16T10:26:15","slug":"virgen-del-galir-los-carismaticos","status":"publish","type":"product","link":"https:\/\/thewineplace.es\/en\/wine-shop\/virgen-del-galir-los-carismaticos","title":{"rendered":"Virgen del Galir Los Carism\u00e1ticos"},"content":{"rendered":"<p>Virgen del Galir Los Carism\u00e1ticos is a Valdeorras red made mainly from old-vine Menc\u00eda. It stands out for aromatic intensity, with notes of ripe black fruit, flowers and a marked mineral character. On the palate it is structured and elegant, with firm yet polished tannins, offering depth and persistence. A wine with personality that reflects Atlantic essence and Galician winemaking tradition.<\/p>\n","protected":false},"excerpt":{"rendered":"<p>Los Carism\u00e1ticos is a Valdeorras red based on Menc\u00eda: intense, mineral and elegant, with great personality.<\/p>\n","protected":false},"featured_media":21447,"template":"","meta":{"_acf_changed":false,"_joinchat":[]},"product_brand":[],"product_cat":[689],"product_tag":[],"class_list":{"0":"post-22392","1":"product","2":"type-product","3":"status-publish","4":"has-post-thumbnail","6":"product_cat-wine","7":"pa_country-spain","8":"pa_main-grape-mencia-en","9":"pa_main-grape-other-varietals","10":"pa_type-wine-red","12":"first","13":"outofstock","14":"taxable","15":"shipping-taxable","16":"purchasable","17":"product-type-simple"},"acf":[],"yoast_head":"<!-- This site is optimized with the Yoast SEO plugin v27.5 - https:\/\/yoast.com\/product\/yoast-seo-wordpress\/ -->\n<title>Virgen del Galir Los Carism\u00e1ticos | Valdeorras | Red<\/title>\n<meta name=\"description\" content=\"Valdeorras red by Virgen del Galir. Intense, mineral, elegant Menc\u00eda with great structure and depth.\" \/>\n<meta name=\"robots\" content=\"index, follow, max-snippet:-1, max-image-preview:large, max-video-preview:-1\" \/>\n<link rel=\"canonical\" href=\"https:\/\/thewineplace.es\/en\/wine-shop\/virgen-del-galir-los-carismaticos\" \/>\n<meta property=\"og:locale\" content=\"en_US\" \/>\n<meta property=\"og:type\" content=\"article\" \/>\n<meta property=\"og:title\" content=\"Virgen del Galir Los Carism\u00e1ticos | Valdeorras | Red\" \/>\n<meta property=\"og:description\" content=\"Valdeorras red by Virgen del Galir. Intense, mineral, elegant Menc\u00eda with great structure and depth.\" \/>\n<meta property=\"og:url\" content=\"https:\/\/thewineplace.es\/en\/wine-shop\/virgen-del-galir-los-carismaticos\" \/>\n<meta property=\"og:site_name\" content=\"The Wine Place\" \/>\n<meta property=\"article:publisher\" content=\"https:\/\/www.facebook.com\/TheWinePlace\" \/>\n<meta property=\"article:modified_time\" content=\"2026-03-16T10:26:15+00:00\" \/>\n<meta property=\"og:image\" content=\"https:\/\/thewineplace.es\/wp-content\/uploads\/2025\/11\/virgen-del-galir-los-carismaticos-merenzao.png\" \/>\n\t<meta property=\"og:image:width\" content=\"800\" \/>\n\t<meta property=\"og:image:height\" content=\"800\" \/>\n\t<meta property=\"og:image:type\" content=\"image\/png\" \/>\n<meta name=\"twitter:card\" content=\"summary_large_image\" \/>\n<meta name=\"twitter:site\" content=\"@MarkoneillES\" \/>\n<script type=\"application\/ld+json\" class=\"yoast-schema-graph\">{\"@context\":\"https:\\\/\\\/schema.org\",\"@graph\":[{\"@type\":\"WebPage\",\"@id\":\"https:\\\/\\\/thewineplace.es\\\/en\\\/wine-shop\\\/virgen-del-galir-los-carismaticos\",\"url\":\"https:\\\/\\\/thewineplace.es\\\/en\\\/wine-shop\\\/virgen-del-galir-los-carismaticos\",\"name\":\"Virgen del Galir Los Carism\u00e1ticos | Valdeorras | Red\",\"isPartOf\":{\"@id\":\"https:\\\/\\\/thewineplace.es\\\/en#website\"},\"primaryImageOfPage\":{\"@id\":\"https:\\\/\\\/thewineplace.es\\\/en\\\/wine-shop\\\/virgen-del-galir-los-carismaticos#primaryimage\"},\"image\":{\"@id\":\"https:\\\/\\\/thewineplace.es\\\/en\\\/wine-shop\\\/virgen-del-galir-los-carismaticos#primaryimage\"},\"thumbnailUrl\":\"https:\\\/\\\/thewineplace.es\\\/wp-content\\\/uploads\\\/2025\\\/11\\\/virgen-del-galir-los-carismaticos-merenzao.png\",\"datePublished\":\"2025-11-10T16:20:57+00:00\",\"dateModified\":\"2026-03-16T10:26:15+00:00\",\"description\":\"Valdeorras red by Virgen del Galir. Intense, mineral, elegant Menc\u00eda with great structure and depth.\",\"breadcrumb\":{\"@id\":\"https:\\\/\\\/thewineplace.es\\\/en\\\/wine-shop\\\/virgen-del-galir-los-carismaticos#breadcrumb\"},\"inLanguage\":\"en-US\",\"potentialAction\":[{\"@type\":\"ReadAction\",\"target\":[\"https:\\\/\\\/thewineplace.es\\\/en\\\/wine-shop\\\/virgen-del-galir-los-carismaticos\"]}]},{\"@type\":\"ImageObject\",\"inLanguage\":\"en-US\",\"@id\":\"https:\\\/\\\/thewineplace.es\\\/en\\\/wine-shop\\\/virgen-del-galir-los-carismaticos#primaryimage\",\"url\":\"https:\\\/\\\/thewineplace.es\\\/wp-content\\\/uploads\\\/2025\\\/11\\\/virgen-del-galir-los-carismaticos-merenzao.png\",\"contentUrl\":\"https:\\\/\\\/thewineplace.es\\\/wp-content\\\/uploads\\\/2025\\\/11\\\/virgen-del-galir-los-carismaticos-merenzao.png\",\"width\":800,\"height\":800,\"caption\":\"Vino Virgen del Galir Los Carism\u00e1ticos Merenzao\"},{\"@type\":\"BreadcrumbList\",\"@id\":\"https:\\\/\\\/thewineplace.es\\\/en\\\/wine-shop\\\/virgen-del-galir-los-carismaticos#breadcrumb\",\"itemListElement\":[{\"@type\":\"ListItem\",\"position\":1,\"name\":\"Portada\",\"item\":\"https:\\\/\\\/thewineplace.es\\\/en\"},{\"@type\":\"ListItem\",\"position\":2,\"name\":\"Wine Shop\",\"item\":\"https:\\\/\\\/thewineplace.es\\\/en\\\/shop\"},{\"@type\":\"ListItem\",\"position\":3,\"name\":\"Virgen del Galir Los Carism\u00e1ticos\"}]},{\"@type\":\"WebSite\",\"@id\":\"https:\\\/\\\/thewineplace.es\\\/en#website\",\"url\":\"https:\\\/\\\/thewineplace.es\\\/en\",\"name\":\"The Wine Place\",\"description\":\"Tienda de vinos, cursos y catas de vino en Valencia\",\"publisher\":{\"@id\":\"https:\\\/\\\/thewineplace.es\\\/en#organization\"},\"alternateName\":\"Tienda de vinos de Valencia\",\"potentialAction\":[{\"@type\":\"SearchAction\",\"target\":{\"@type\":\"EntryPoint\",\"urlTemplate\":\"https:\\\/\\\/thewineplace.es\\\/en?s={search_term_string}\"},\"query-input\":{\"@type\":\"PropertyValueSpecification\",\"valueRequired\":true,\"valueName\":\"search_term_string\"}}],\"inLanguage\":\"en-US\"},{\"@type\":\"Organization\",\"@id\":\"https:\\\/\\\/thewineplace.es\\\/en#organization\",\"name\":\"The Wine Place\",\"alternateName\":\"Verde Marte S.L.U.\",\"url\":\"https:\\\/\\\/thewineplace.es\\\/en\",\"logo\":{\"@type\":\"ImageObject\",\"inLanguage\":\"en-US\",\"@id\":\"https:\\\/\\\/thewineplace.es\\\/en#\\\/schema\\\/logo\\\/image\\\/\",\"url\":\"https:\\\/\\\/thewineplace.es\\\/desarrollo\\\/wp-content\\\/uploads\\\/2025\\\/05\\\/favicon.png\",\"contentUrl\":\"https:\\\/\\\/thewineplace.es\\\/desarrollo\\\/wp-content\\\/uploads\\\/2025\\\/05\\\/favicon.png\",\"width\":250,\"height\":250,\"caption\":\"The Wine Place\"},\"image\":{\"@id\":\"https:\\\/\\\/thewineplace.es\\\/en#\\\/schema\\\/logo\\\/image\\\/\"},\"sameAs\":[\"https:\\\/\\\/www.facebook.com\\\/TheWinePlace\",\"https:\\\/\\\/x.com\\\/MarkoneillES\",\"https:\\\/\\\/www.instagram.com\\\/thewineplace\",\"https:\\\/\\\/www.linkedin.com\\\/company\\\/thewineplace-es\\\/\",\"https:\\\/\\\/www.youtube.com\\\/channel\\\/UCOzo67E6rQDwHmPAi8EiEdA\"]}]}<\/script>\n<!-- \/ Yoast SEO plugin. -->","yoast_head_json":{"title":"Virgen del Galir Los Carism\u00e1ticos | Valdeorras | Red","description":"Valdeorras red by Virgen del Galir. Intense, mineral, elegant Menc\u00eda with great structure and depth.","robots":{"index":"index","follow":"follow","max-snippet":"max-snippet:-1","max-image-preview":"max-image-preview:large","max-video-preview":"max-video-preview:-1"},"canonical":"https:\/\/thewineplace.es\/en\/wine-shop\/virgen-del-galir-los-carismaticos","og_locale":"en_US","og_type":"article","og_title":"Virgen del Galir Los Carism\u00e1ticos | Valdeorras | Red","og_description":"Valdeorras red by Virgen del Galir. Intense, mineral, elegant Menc\u00eda with great structure and depth.","og_url":"https:\/\/thewineplace.es\/en\/wine-shop\/virgen-del-galir-los-carismaticos","og_site_name":"The Wine Place","article_publisher":"https:\/\/www.facebook.com\/TheWinePlace","article_modified_time":"2026-03-16T10:26:15+00:00","og_image":[{"width":800,"height":800,"url":"https:\/\/thewineplace.es\/wp-content\/uploads\/2025\/11\/virgen-del-galir-los-carismaticos-merenzao.png","type":"image\/png"}],"twitter_card":"summary_large_image","twitter_site":"@MarkoneillES","schema":{"@context":"https:\/\/schema.org","@graph":[{"@type":"WebPage","@id":"https:\/\/thewineplace.es\/en\/wine-shop\/virgen-del-galir-los-carismaticos","url":"https:\/\/thewineplace.es\/en\/wine-shop\/virgen-del-galir-los-carismaticos","name":"Virgen del Galir Los Carism\u00e1ticos | Valdeorras | Red","isPartOf":{"@id":"https:\/\/thewineplace.es\/en#website"},"primaryImageOfPage":{"@id":"https:\/\/thewineplace.es\/en\/wine-shop\/virgen-del-galir-los-carismaticos#primaryimage"},"image":{"@id":"https:\/\/thewineplace.es\/en\/wine-shop\/virgen-del-galir-los-carismaticos#primaryimage"},"thumbnailUrl":"https:\/\/thewineplace.es\/wp-content\/uploads\/2025\/11\/virgen-del-galir-los-carismaticos-merenzao.png","datePublished":"2025-11-10T16:20:57+00:00","dateModified":"2026-03-16T10:26:15+00:00","description":"Valdeorras red by Virgen del Galir. Intense, mineral, elegant Menc\u00eda with great structure and depth.","breadcrumb":{"@id":"https:\/\/thewineplace.es\/en\/wine-shop\/virgen-del-galir-los-carismaticos#breadcrumb"},"inLanguage":"en-US","potentialAction":[{"@type":"ReadAction","target":["https:\/\/thewineplace.es\/en\/wine-shop\/virgen-del-galir-los-carismaticos"]}]},{"@type":"ImageObject","inLanguage":"en-US","@id":"https:\/\/thewineplace.es\/en\/wine-shop\/virgen-del-galir-los-carismaticos#primaryimage","url":"https:\/\/thewineplace.es\/wp-content\/uploads\/2025\/11\/virgen-del-galir-los-carismaticos-merenzao.png","contentUrl":"https:\/\/thewineplace.es\/wp-content\/uploads\/2025\/11\/virgen-del-galir-los-carismaticos-merenzao.png","width":800,"height":800,"caption":"Vino Virgen del Galir Los Carism\u00e1ticos Merenzao"},{"@type":"BreadcrumbList","@id":"https:\/\/thewineplace.es\/en\/wine-shop\/virgen-del-galir-los-carismaticos#breadcrumb","itemListElement":[{"@type":"ListItem","position":1,"name":"Portada","item":"https:\/\/thewineplace.es\/en"},{"@type":"ListItem","position":2,"name":"Wine Shop","item":"https:\/\/thewineplace.es\/en\/shop"},{"@type":"ListItem","position":3,"name":"Virgen del Galir Los Carism\u00e1ticos"}]},{"@type":"WebSite","@id":"https:\/\/thewineplace.es\/en#website","url":"https:\/\/thewineplace.es\/en","name":"The Wine Place","description":"Tienda de vinos, cursos y catas de vino en Valencia","publisher":{"@id":"https:\/\/thewineplace.es\/en#organization"},"alternateName":"Tienda de vinos de Valencia","potentialAction":[{"@type":"SearchAction","target":{"@type":"EntryPoint","urlTemplate":"https:\/\/thewineplace.es\/en?s={search_term_string}"},"query-input":{"@type":"PropertyValueSpecification","valueRequired":true,"valueName":"search_term_string"}}],"inLanguage":"en-US"},{"@type":"Organization","@id":"https:\/\/thewineplace.es\/en#organization","name":"The Wine Place","alternateName":"Verde Marte S.L.U.","url":"https:\/\/thewineplace.es\/en","logo":{"@type":"ImageObject","inLanguage":"en-US","@id":"https:\/\/thewineplace.es\/en#\/schema\/logo\/image\/","url":"https:\/\/thewineplace.es\/desarrollo\/wp-content\/uploads\/2025\/05\/favicon.png","contentUrl":"https:\/\/thewineplace.es\/desarrollo\/wp-content\/uploads\/2025\/05\/favicon.png","width":250,"height":250,"caption":"The Wine Place"},"image":{"@id":"https:\/\/thewineplace.es\/en#\/schema\/logo\/image\/"},"sameAs":["https:\/\/www.facebook.com\/TheWinePlace","https:\/\/x.com\/MarkoneillES","https:\/\/www.instagram.com\/thewineplace","https:\/\/www.linkedin.com\/company\/thewineplace-es\/","https:\/\/www.youtube.com\/channel\/UCOzo67E6rQDwHmPAi8EiEdA"]}]}},"_links":{"self":[{"href":"https:\/\/thewineplace.es\/en\/wp-json\/wp\/v2\/product\/22392","targetHints":{"allow":["GET"]}}],"collection":[{"href":"https:\/\/thewineplace.es\/en\/wp-json\/wp\/v2\/product"}],"about":[{"href":"https:\/\/thewineplace.es\/en\/wp-json\/wp\/v2\/types\/product"}],"wp:featuredmedia":[{"embeddable":true,"href":"https:\/\/thewineplace.es\/en\/wp-json\/wp\/v2\/media\/21447"}],"wp:attachment":[{"href":"https:\/\/thewineplace.es\/en\/wp-json\/wp\/v2\/media?parent=22392"}],"wp:term":[{"taxonomy":"product_brand","embeddable":true,"href":"https:\/\/thewineplace.es\/en\/wp-json\/wp\/v2\/product_brand?post=22392"},{"taxonomy":"product_cat","embeddable":true,"href":"https:\/\/thewineplace.es\/en\/wp-json\/wp\/v2\/product_cat?post=22392"},{"taxonomy":"product_tag","embeddable":true,"href":"https:\/\/thewineplace.es\/en\/wp-json\/wp\/v2\/product_tag?post=22392"}],"curies":[{"name":"wp","href":"https:\/\/api.w.org\/{rel}","templated":true}]}}

Virgen del Galir Los Carismáticos

<p>Virgen del Galir Los Carismáticos is a Valdeorras red made mainly from old-vine Mencía. It stands out for aromatic intensity, with notes of ripe black fruit, flowers and a marked mineral character. On the palate it is structured and elegant, with firm yet polished tannins, offering depth and persistence. A wine with personality that reflects Atlantic essence and Galician winemaking tradition.</p>

<p>Los Carismáticos is a Valdeorras red based on Mencía: intense, mineral and elegant, with great personality.</p>

<!-- This site is optimized with the Yoast SEO plugin v27.5 - https://yoast.com/product/yoast-seo-wordpress/ -->
<title>Virgen del Galir Los Carismáticos | Valdeorras | Red</title>
<meta name="description" content="Valdeorras red by Virgen del Galir. Intense, mineral, elegant Mencía with great structure and depth." />
<meta name="robots" content="index, follow, max-snippet:-1, max-image-preview:large, max-video-preview:-1" />
<link rel="canonical" href="https://thewineplace.es/en/wine-shop/virgen-del-galir-los-carismaticos" />
<meta property="og:locale" content="en_US" />
<meta property="og:type" content="article" />
<meta property="og:title" content="Virgen del Galir Los Carismáticos | Valdeorras | Red" />
<meta property="og:description" content="Valdeorras red by Virgen del Galir. Intense, mineral, elegant Mencía with great structure and depth." />
<meta property="og:url" content="https://thewineplace.es/en/wine-shop/virgen-del-galir-los-carismaticos" />
<meta property="og:site_name" content="The Wine Place" />
<meta property="article:publisher" content="https://www.facebook.com/TheWinePlace" />
<meta property="article:modified_time" content="2026-03-16T10:26:15+00:00" />
<meta property="og:image" content="https://thewineplace.es/wp-content/uploads/2025/11/virgen-del-galir-los-carismaticos-merenzao.png" />
	<meta property="og:image:width" content="800" />
	<meta property="og:image:height" content="800" />
	<meta property="og:image:type" content="image/png" />
<meta name="twitter:card" content="summary_large_image" />
<meta name="twitter:site" content="@MarkoneillES" />
<script type="application/ld+json" class="yoast-schema-graph">{"@context":"https:\/\/schema.org","@graph":[{"@type":"WebPage","@id":"https:\/\/thewineplace.es\/en\/wine-shop\/virgen-del-galir-los-carismaticos","url":"https:\/\/thewineplace.es\/en\/wine-shop\/virgen-del-galir-los-carismaticos","name":"Virgen del Galir Los Carismáticos | Valdeorras | Red","isPartOf":{"@id":"https:\/\/thewineplace.es\/en#website"},"primaryImageOfPage":{"@id":"https:\/\/thewineplace.es\/en\/wine-shop\/virgen-del-galir-los-carismaticos#primaryimage"},"image":{"@id":"https:\/\/thewineplace.es\/en\/wine-shop\/virgen-del-galir-los-carismaticos#primaryimage"},"thumbnailUrl":"https:\/\/thewineplace.es\/wp-content\/uploads\/2025\/11\/virgen-del-galir-los-carismaticos-merenzao.png","datePublished":"2025-11-10T16:20:57+00:00","dateModified":"2026-03-16T10:26:15+00:00","description":"Valdeorras red by Virgen del Galir. Intense, mineral, elegant Mencía with great structure and depth.","breadcrumb":{"@id":"https:\/\/thewineplace.es\/en\/wine-shop\/virgen-del-galir-los-carismaticos#breadcrumb"},"inLanguage":"en-US","potentialAction":[{"@type":"ReadAction","target":["https:\/\/thewineplace.es\/en\/wine-shop\/virgen-del-galir-los-carismaticos"]}]},{"@type":"ImageObject","inLanguage":"en-US","@id":"https:\/\/thewineplace.es\/en\/wine-shop\/virgen-del-galir-los-carismaticos#primaryimage","url":"https:\/\/thewineplace.es\/wp-content\/uploads\/2025\/11\/virgen-del-galir-los-carismaticos-merenzao.png","contentUrl":"https:\/\/thewineplace.es\/wp-content\/uploads\/2025\/11\/virgen-del-galir-los-carismaticos-merenzao.png","width":800,"height":800,"caption":"Vino Virgen del Galir Los Carismáticos Merenzao"},{"@type":"BreadcrumbList","@id":"https:\/\/thewineplace.es\/en\/wine-shop\/virgen-del-galir-los-carismaticos#breadcrumb","itemListElement":[{"@type":"ListItem","position":1,"name":"Portada","item":"https:\/\/thewineplace.es\/en"},{"@type":"ListItem","position":2,"name":"Wine Shop","item":"https:\/\/thewineplace.es\/en\/shop"},{"@type":"ListItem","position":3,"name":"Virgen del Galir Los Carismáticos"}]},{"@type":"WebSite","@id":"https:\/\/thewineplace.es\/en#website","url":"https:\/\/thewineplace.es\/en","name":"The Wine Place","description":"Tienda de vinos, cursos y catas de vino en Valencia","publisher":{"@id":"https:\/\/thewineplace.es\/en#organization"},"alternateName":"Tienda de vinos de Valencia","potentialAction":[{"@type":"SearchAction","target":{"@type":"EntryPoint","urlTemplate":"https:\/\/thewineplace.es\/en?s={search_term_string}"},"query-input":{"@type":"PropertyValueSpecification","valueRequired":true,"valueName":"search_term_string"}}],"inLanguage":"en-US"},{"@type":"Organization","@id":"https:\/\/thewineplace.es\/en#organization","name":"The Wine Place","alternateName":"Verde Marte S.L.U.","url":"https:\/\/thewineplace.es\/en","logo":{"@type":"ImageObject","inLanguage":"en-US","@id":"https:\/\/thewineplace.es\/en#\/schema\/logo\/image\/","url":"https:\/\/thewineplace.es\/desarrollo\/wp-content\/uploads\/2025\/05\/favicon.png","contentUrl":"https:\/\/thewineplace.es\/desarrollo\/wp-content\/uploads\/2025\/05\/favicon.png","width":250,"height":250,"caption":"The Wine Place"},"image":{"@id":"https:\/\/thewineplace.es\/en#\/schema\/logo\/image\/"},"sameAs":["https:\/\/www.facebook.com\/TheWinePlace","https:\/\/x.com\/MarkoneillES","https:\/\/www.instagram.com\/thewineplace","https:\/\/www.linkedin.com\/company\/thewineplace-es\/","https:\/\/www.youtube.com\/channel\/UCOzo67E6rQDwHmPAi8EiEdA"]}]}</script>
<!-- / Yoast SEO plugin. -->

Virgen del Galir Los Carismáticos | Valdeorras | Red

Valdeorras red by Virgen del Galir. Intense, mineral, elegant Mencía with great structure and depth.

Vino Virgen del Galir Los Carismáticos Merenzao
