{"id":22186,"date":"2025-11-10T17:22:18","date_gmt":"2025-11-10T16:22:18","guid":{"rendered":"https:\/\/thewineplace.es\/desarrollo?post_type=product&#038;p=22186"},"modified":"2026-03-16T11:26:13","modified_gmt":"2026-03-16T10:26:13","slug":"weinrieder-gruner-veltliner","status":"publish","type":"product","link":"https:\/\/thewineplace.es\/en\/wine-shop\/weinrieder-gruner-veltliner","title":{"rendered":"Weinrieder Gr\u00fcner Veltliner"},"content":{"rendered":"<p>Weinrieder Gr\u00fcner Veltliner is an Austrian white wine made in the Weinviertel region by Weingut Weinrieder from the Gr\u00fcner Veltliner variety. From vineyards on loess soils, it clearly expresses the fresh, spicy character typical of the area. The nose offers aromas of green apple, citrus and a subtle hint of white pepper. On the palate it is dry, vibrant and balanced, with precise acidity that brings tension and a clean, persistent finish. An elegant, food-friendly white that reflects Austria\u2019s winemaking tradition.<\/p>\n","protected":false},"excerpt":{"rendered":"<p>Dry, vibrant white with green apple, citrus and white-pepper notes, balanced and with a clean finish.<\/p>\n","protected":false},"featured_media":21482,"template":"","meta":{"_acf_changed":false,"_joinchat":[]},"product_brand":[],"product_cat":[689],"product_tag":[],"class_list":{"0":"post-22186","1":"product","2":"type-product","3":"status-publish","4":"has-post-thumbnail","6":"product_cat-wine","7":"pa_country-austria-en","8":"pa_main-grape-other-varietals","9":"pa_type-wine-white","11":"first","12":"instock","13":"taxable","14":"shipping-taxable","15":"purchasable","16":"product-type-simple"},"acf":[],"yoast_head":"<!-- This site is optimized with the Yoast SEO plugin v27.5 - https:\/\/yoast.com\/product\/yoast-seo-wordpress\/ -->\n<title>Weinrieder Gr\u00fcner Veltliner | Weinviertel | White<\/title>\n<meta name=\"description\" content=\"Weinrieder Gr\u00fcner Veltliner (Weinviertel): dry, fresh white with citrus and spicy notes.\" \/>\n<meta name=\"robots\" content=\"index, follow, max-snippet:-1, max-image-preview:large, max-video-preview:-1\" \/>\n<link rel=\"canonical\" href=\"https:\/\/thewineplace.es\/en\/wine-shop\/weinrieder-gruner-veltliner\" \/>\n<meta property=\"og:locale\" content=\"en_US\" \/>\n<meta property=\"og:type\" content=\"article\" \/>\n<meta property=\"og:title\" content=\"Weinrieder Gr\u00fcner Veltliner | Weinviertel | White\" \/>\n<meta property=\"og:description\" content=\"Weinrieder Gr\u00fcner Veltliner (Weinviertel): dry, fresh white with citrus and spicy notes.\" \/>\n<meta property=\"og:url\" content=\"https:\/\/thewineplace.es\/en\/wine-shop\/weinrieder-gruner-veltliner\" \/>\n<meta property=\"og:site_name\" content=\"The Wine Place\" \/>\n<meta property=\"article:publisher\" content=\"https:\/\/www.facebook.com\/TheWinePlace\" \/>\n<meta property=\"article:modified_time\" content=\"2026-03-16T10:26:13+00:00\" \/>\n<meta property=\"og:image\" content=\"https:\/\/thewineplace.es\/wp-content\/uploads\/2025\/11\/weinrieder-gruner-veltliner.png\" \/>\n\t<meta property=\"og:image:width\" content=\"800\" \/>\n\t<meta property=\"og:image:height\" content=\"800\" \/>\n\t<meta property=\"og:image:type\" content=\"image\/png\" \/>\n<meta name=\"twitter:card\" content=\"summary_large_image\" \/>\n<meta name=\"twitter:site\" content=\"@MarkoneillES\" \/>\n<script type=\"application\/ld+json\" class=\"yoast-schema-graph\">{\"@context\":\"https:\\\/\\\/schema.org\",\"@graph\":[{\"@type\":\"WebPage\",\"@id\":\"https:\\\/\\\/thewineplace.es\\\/en\\\/wine-shop\\\/weinrieder-gruner-veltliner\",\"url\":\"https:\\\/\\\/thewineplace.es\\\/en\\\/wine-shop\\\/weinrieder-gruner-veltliner\",\"name\":\"Weinrieder Gr\u00fcner Veltliner | Weinviertel | White\",\"isPartOf\":{\"@id\":\"https:\\\/\\\/thewineplace.es\\\/en#website\"},\"primaryImageOfPage\":{\"@id\":\"https:\\\/\\\/thewineplace.es\\\/en\\\/wine-shop\\\/weinrieder-gruner-veltliner#primaryimage\"},\"image\":{\"@id\":\"https:\\\/\\\/thewineplace.es\\\/en\\\/wine-shop\\\/weinrieder-gruner-veltliner#primaryimage\"},\"thumbnailUrl\":\"https:\\\/\\\/thewineplace.es\\\/wp-content\\\/uploads\\\/2025\\\/11\\\/weinrieder-gruner-veltliner.png\",\"datePublished\":\"2025-11-10T16:22:18+00:00\",\"dateModified\":\"2026-03-16T10:26:13+00:00\",\"description\":\"Weinrieder Gr\u00fcner Veltliner (Weinviertel): dry, fresh white with citrus and spicy notes.\",\"breadcrumb\":{\"@id\":\"https:\\\/\\\/thewineplace.es\\\/en\\\/wine-shop\\\/weinrieder-gruner-veltliner#breadcrumb\"},\"inLanguage\":\"en-US\",\"potentialAction\":[{\"@type\":\"ReadAction\",\"target\":[\"https:\\\/\\\/thewineplace.es\\\/en\\\/wine-shop\\\/weinrieder-gruner-veltliner\"]}]},{\"@type\":\"ImageObject\",\"inLanguage\":\"en-US\",\"@id\":\"https:\\\/\\\/thewineplace.es\\\/en\\\/wine-shop\\\/weinrieder-gruner-veltliner#primaryimage\",\"url\":\"https:\\\/\\\/thewineplace.es\\\/wp-content\\\/uploads\\\/2025\\\/11\\\/weinrieder-gruner-veltliner.png\",\"contentUrl\":\"https:\\\/\\\/thewineplace.es\\\/wp-content\\\/uploads\\\/2025\\\/11\\\/weinrieder-gruner-veltliner.png\",\"width\":800,\"height\":800,\"caption\":\"Vino Weinrieder Gr\u00fcner Veltliner\"},{\"@type\":\"BreadcrumbList\",\"@id\":\"https:\\\/\\\/thewineplace.es\\\/en\\\/wine-shop\\\/weinrieder-gruner-veltliner#breadcrumb\",\"itemListElement\":[{\"@type\":\"ListItem\",\"position\":1,\"name\":\"Portada\",\"item\":\"https:\\\/\\\/thewineplace.es\\\/en\"},{\"@type\":\"ListItem\",\"position\":2,\"name\":\"Wine Shop\",\"item\":\"https:\\\/\\\/thewineplace.es\\\/en\\\/shop\"},{\"@type\":\"ListItem\",\"position\":3,\"name\":\"Weinrieder Gr\u00fcner Veltliner\"}]},{\"@type\":\"WebSite\",\"@id\":\"https:\\\/\\\/thewineplace.es\\\/en#website\",\"url\":\"https:\\\/\\\/thewineplace.es\\\/en\",\"name\":\"The Wine Place\",\"description\":\"Tienda de vinos, cursos y catas de vino en Valencia\",\"publisher\":{\"@id\":\"https:\\\/\\\/thewineplace.es\\\/en#organization\"},\"alternateName\":\"Tienda de vinos de Valencia\",\"potentialAction\":[{\"@type\":\"SearchAction\",\"target\":{\"@type\":\"EntryPoint\",\"urlTemplate\":\"https:\\\/\\\/thewineplace.es\\\/en?s={search_term_string}\"},\"query-input\":{\"@type\":\"PropertyValueSpecification\",\"valueRequired\":true,\"valueName\":\"search_term_string\"}}],\"inLanguage\":\"en-US\"},{\"@type\":\"Organization\",\"@id\":\"https:\\\/\\\/thewineplace.es\\\/en#organization\",\"name\":\"The Wine Place\",\"alternateName\":\"Verde Marte S.L.U.\",\"url\":\"https:\\\/\\\/thewineplace.es\\\/en\",\"logo\":{\"@type\":\"ImageObject\",\"inLanguage\":\"en-US\",\"@id\":\"https:\\\/\\\/thewineplace.es\\\/en#\\\/schema\\\/logo\\\/image\\\/\",\"url\":\"https:\\\/\\\/thewineplace.es\\\/desarrollo\\\/wp-content\\\/uploads\\\/2025\\\/05\\\/favicon.png\",\"contentUrl\":\"https:\\\/\\\/thewineplace.es\\\/desarrollo\\\/wp-content\\\/uploads\\\/2025\\\/05\\\/favicon.png\",\"width\":250,\"height\":250,\"caption\":\"The Wine Place\"},\"image\":{\"@id\":\"https:\\\/\\\/thewineplace.es\\\/en#\\\/schema\\\/logo\\\/image\\\/\"},\"sameAs\":[\"https:\\\/\\\/www.facebook.com\\\/TheWinePlace\",\"https:\\\/\\\/x.com\\\/MarkoneillES\",\"https:\\\/\\\/www.instagram.com\\\/thewineplace\",\"https:\\\/\\\/www.linkedin.com\\\/company\\\/thewineplace-es\\\/\",\"https:\\\/\\\/www.youtube.com\\\/channel\\\/UCOzo67E6rQDwHmPAi8EiEdA\"]}]}<\/script>\n<!-- \/ Yoast SEO plugin. -->","yoast_head_json":{"title":"Weinrieder Gr\u00fcner Veltliner | Weinviertel | White","description":"Weinrieder Gr\u00fcner Veltliner (Weinviertel): dry, fresh white with citrus and spicy notes.","robots":{"index":"index","follow":"follow","max-snippet":"max-snippet:-1","max-image-preview":"max-image-preview:large","max-video-preview":"max-video-preview:-1"},"canonical":"https:\/\/thewineplace.es\/en\/wine-shop\/weinrieder-gruner-veltliner","og_locale":"en_US","og_type":"article","og_title":"Weinrieder Gr\u00fcner Veltliner | Weinviertel | White","og_description":"Weinrieder Gr\u00fcner Veltliner (Weinviertel): dry, fresh white with citrus and spicy notes.","og_url":"https:\/\/thewineplace.es\/en\/wine-shop\/weinrieder-gruner-veltliner","og_site_name":"The Wine Place","article_publisher":"https:\/\/www.facebook.com\/TheWinePlace","article_modified_time":"2026-03-16T10:26:13+00:00","og_image":[{"width":800,"height":800,"url":"https:\/\/thewineplace.es\/wp-content\/uploads\/2025\/11\/weinrieder-gruner-veltliner.png","type":"image\/png"}],"twitter_card":"summary_large_image","twitter_site":"@MarkoneillES","schema":{"@context":"https:\/\/schema.org","@graph":[{"@type":"WebPage","@id":"https:\/\/thewineplace.es\/en\/wine-shop\/weinrieder-gruner-veltliner","url":"https:\/\/thewineplace.es\/en\/wine-shop\/weinrieder-gruner-veltliner","name":"Weinrieder Gr\u00fcner Veltliner | Weinviertel | White","isPartOf":{"@id":"https:\/\/thewineplace.es\/en#website"},"primaryImageOfPage":{"@id":"https:\/\/thewineplace.es\/en\/wine-shop\/weinrieder-gruner-veltliner#primaryimage"},"image":{"@id":"https:\/\/thewineplace.es\/en\/wine-shop\/weinrieder-gruner-veltliner#primaryimage"},"thumbnailUrl":"https:\/\/thewineplace.es\/wp-content\/uploads\/2025\/11\/weinrieder-gruner-veltliner.png","datePublished":"2025-11-10T16:22:18+00:00","dateModified":"2026-03-16T10:26:13+00:00","description":"Weinrieder Gr\u00fcner Veltliner (Weinviertel): dry, fresh white with citrus and spicy notes.","breadcrumb":{"@id":"https:\/\/thewineplace.es\/en\/wine-shop\/weinrieder-gruner-veltliner#breadcrumb"},"inLanguage":"en-US","potentialAction":[{"@type":"ReadAction","target":["https:\/\/thewineplace.es\/en\/wine-shop\/weinrieder-gruner-veltliner"]}]},{"@type":"ImageObject","inLanguage":"en-US","@id":"https:\/\/thewineplace.es\/en\/wine-shop\/weinrieder-gruner-veltliner#primaryimage","url":"https:\/\/thewineplace.es\/wp-content\/uploads\/2025\/11\/weinrieder-gruner-veltliner.png","contentUrl":"https:\/\/thewineplace.es\/wp-content\/uploads\/2025\/11\/weinrieder-gruner-veltliner.png","width":800,"height":800,"caption":"Vino Weinrieder Gr\u00fcner Veltliner"},{"@type":"BreadcrumbList","@id":"https:\/\/thewineplace.es\/en\/wine-shop\/weinrieder-gruner-veltliner#breadcrumb","itemListElement":[{"@type":"ListItem","position":1,"name":"Portada","item":"https:\/\/thewineplace.es\/en"},{"@type":"ListItem","position":2,"name":"Wine Shop","item":"https:\/\/thewineplace.es\/en\/shop"},{"@type":"ListItem","position":3,"name":"Weinrieder Gr\u00fcner Veltliner"}]},{"@type":"WebSite","@id":"https:\/\/thewineplace.es\/en#website","url":"https:\/\/thewineplace.es\/en","name":"The Wine Place","description":"Tienda de vinos, cursos y catas de vino en Valencia","publisher":{"@id":"https:\/\/thewineplace.es\/en#organization"},"alternateName":"Tienda de vinos de Valencia","potentialAction":[{"@type":"SearchAction","target":{"@type":"EntryPoint","urlTemplate":"https:\/\/thewineplace.es\/en?s={search_term_string}"},"query-input":{"@type":"PropertyValueSpecification","valueRequired":true,"valueName":"search_term_string"}}],"inLanguage":"en-US"},{"@type":"Organization","@id":"https:\/\/thewineplace.es\/en#organization","name":"The Wine Place","alternateName":"Verde Marte S.L.U.","url":"https:\/\/thewineplace.es\/en","logo":{"@type":"ImageObject","inLanguage":"en-US","@id":"https:\/\/thewineplace.es\/en#\/schema\/logo\/image\/","url":"https:\/\/thewineplace.es\/desarrollo\/wp-content\/uploads\/2025\/05\/favicon.png","contentUrl":"https:\/\/thewineplace.es\/desarrollo\/wp-content\/uploads\/2025\/05\/favicon.png","width":250,"height":250,"caption":"The Wine Place"},"image":{"@id":"https:\/\/thewineplace.es\/en#\/schema\/logo\/image\/"},"sameAs":["https:\/\/www.facebook.com\/TheWinePlace","https:\/\/x.com\/MarkoneillES","https:\/\/www.instagram.com\/thewineplace","https:\/\/www.linkedin.com\/company\/thewineplace-es\/","https:\/\/www.youtube.com\/channel\/UCOzo67E6rQDwHmPAi8EiEdA"]}]}},"_links":{"self":[{"href":"https:\/\/thewineplace.es\/en\/wp-json\/wp\/v2\/product\/22186","targetHints":{"allow":["GET"]}}],"collection":[{"href":"https:\/\/thewineplace.es\/en\/wp-json\/wp\/v2\/product"}],"about":[{"href":"https:\/\/thewineplace.es\/en\/wp-json\/wp\/v2\/types\/product"}],"wp:featuredmedia":[{"embeddable":true,"href":"https:\/\/thewineplace.es\/en\/wp-json\/wp\/v2\/media\/21482"}],"wp:attachment":[{"href":"https:\/\/thewineplace.es\/en\/wp-json\/wp\/v2\/media?parent=22186"}],"wp:term":[{"taxonomy":"product_brand","embeddable":true,"href":"https:\/\/thewineplace.es\/en\/wp-json\/wp\/v2\/product_brand?post=22186"},{"taxonomy":"product_cat","embeddable":true,"href":"https:\/\/thewineplace.es\/en\/wp-json\/wp\/v2\/product_cat?post=22186"},{"taxonomy":"product_tag","embeddable":true,"href":"https:\/\/thewineplace.es\/en\/wp-json\/wp\/v2\/product_tag?post=22186"}],"curies":[{"name":"wp","href":"https:\/\/api.w.org\/{rel}","templated":true}]}}

Weinrieder Grüner Veltliner

<p>Weinrieder Grüner Veltliner is an Austrian white wine made in the Weinviertel region by Weingut Weinrieder from the Grüner Veltliner variety. From vineyards on loess soils, it clearly expresses the fresh, spicy character typical of the area. The nose offers aromas of green apple, citrus and a subtle hint of white pepper. On the palate it is dry, vibrant and balanced, with precise acidity that brings tension and a clean, persistent finish. An elegant, food-friendly white that reflects Austria’s winemaking tradition.</p>

<!-- This site is optimized with the Yoast SEO plugin v27.5 - https://yoast.com/product/yoast-seo-wordpress/ -->
<title>Weinrieder Grüner Veltliner | Weinviertel | White</title>
<meta name="description" content="Weinrieder Grüner Veltliner (Weinviertel): dry, fresh white with citrus and spicy notes." />
<meta name="robots" content="index, follow, max-snippet:-1, max-image-preview:large, max-video-preview:-1" />
<link rel="canonical" href="https://thewineplace.es/en/wine-shop/weinrieder-gruner-veltliner" />
<meta property="og:locale" content="en_US" />
<meta property="og:type" content="article" />
<meta property="og:title" content="Weinrieder Grüner Veltliner | Weinviertel | White" />
<meta property="og:description" content="Weinrieder Grüner Veltliner (Weinviertel): dry, fresh white with citrus and spicy notes." />
<meta property="og:url" content="https://thewineplace.es/en/wine-shop/weinrieder-gruner-veltliner" />
<meta property="og:site_name" content="The Wine Place" />
<meta property="article:publisher" content="https://www.facebook.com/TheWinePlace" />
<meta property="article:modified_time" content="2026-03-16T10:26:13+00:00" />
<meta property="og:image" content="https://thewineplace.es/wp-content/uploads/2025/11/weinrieder-gruner-veltliner.png" />
	<meta property="og:image:width" content="800" />
	<meta property="og:image:height" content="800" />
	<meta property="og:image:type" content="image/png" />
<meta name="twitter:card" content="summary_large_image" />
<meta name="twitter:site" content="@MarkoneillES" />
<script type="application/ld+json" class="yoast-schema-graph">{"@context":"https:\/\/schema.org","@graph":[{"@type":"WebPage","@id":"https:\/\/thewineplace.es\/en\/wine-shop\/weinrieder-gruner-veltliner","url":"https:\/\/thewineplace.es\/en\/wine-shop\/weinrieder-gruner-veltliner","name":"Weinrieder Grüner Veltliner | Weinviertel | White","isPartOf":{"@id":"https:\/\/thewineplace.es\/en#website"},"primaryImageOfPage":{"@id":"https:\/\/thewineplace.es\/en\/wine-shop\/weinrieder-gruner-veltliner#primaryimage"},"image":{"@id":"https:\/\/thewineplace.es\/en\/wine-shop\/weinrieder-gruner-veltliner#primaryimage"},"thumbnailUrl":"https:\/\/thewineplace.es\/wp-content\/uploads\/2025\/11\/weinrieder-gruner-veltliner.png","datePublished":"2025-11-10T16:22:18+00:00","dateModified":"2026-03-16T10:26:13+00:00","description":"Weinrieder Grüner Veltliner (Weinviertel): dry, fresh white with citrus and spicy notes.","breadcrumb":{"@id":"https:\/\/thewineplace.es\/en\/wine-shop\/weinrieder-gruner-veltliner#breadcrumb"},"inLanguage":"en-US","potentialAction":[{"@type":"ReadAction","target":["https:\/\/thewineplace.es\/en\/wine-shop\/weinrieder-gruner-veltliner"]}]},{"@type":"ImageObject","inLanguage":"en-US","@id":"https:\/\/thewineplace.es\/en\/wine-shop\/weinrieder-gruner-veltliner#primaryimage","url":"https:\/\/thewineplace.es\/wp-content\/uploads\/2025\/11\/weinrieder-gruner-veltliner.png","contentUrl":"https:\/\/thewineplace.es\/wp-content\/uploads\/2025\/11\/weinrieder-gruner-veltliner.png","width":800,"height":800,"caption":"Vino Weinrieder Grüner Veltliner"},{"@type":"BreadcrumbList","@id":"https:\/\/thewineplace.es\/en\/wine-shop\/weinrieder-gruner-veltliner#breadcrumb","itemListElement":[{"@type":"ListItem","position":1,"name":"Portada","item":"https:\/\/thewineplace.es\/en"},{"@type":"ListItem","position":2,"name":"Wine Shop","item":"https:\/\/thewineplace.es\/en\/shop"},{"@type":"ListItem","position":3,"name":"Weinrieder Grüner Veltliner"}]},{"@type":"WebSite","@id":"https:\/\/thewineplace.es\/en#website","url":"https:\/\/thewineplace.es\/en","name":"The Wine Place","description":"Tienda de vinos, cursos y catas de vino en Valencia","publisher":{"@id":"https:\/\/thewineplace.es\/en#organization"},"alternateName":"Tienda de vinos de Valencia","potentialAction":[{"@type":"SearchAction","target":{"@type":"EntryPoint","urlTemplate":"https:\/\/thewineplace.es\/en?s={search_term_string}"},"query-input":{"@type":"PropertyValueSpecification","valueRequired":true,"valueName":"search_term_string"}}],"inLanguage":"en-US"},{"@type":"Organization","@id":"https:\/\/thewineplace.es\/en#organization","name":"The Wine Place","alternateName":"Verde Marte S.L.U.","url":"https:\/\/thewineplace.es\/en","logo":{"@type":"ImageObject","inLanguage":"en-US","@id":"https:\/\/thewineplace.es\/en#\/schema\/logo\/image\/","url":"https:\/\/thewineplace.es\/desarrollo\/wp-content\/uploads\/2025\/05\/favicon.png","contentUrl":"https:\/\/thewineplace.es\/desarrollo\/wp-content\/uploads\/2025\/05\/favicon.png","width":250,"height":250,"caption":"The Wine Place"},"image":{"@id":"https:\/\/thewineplace.es\/en#\/schema\/logo\/image\/"},"sameAs":["https:\/\/www.facebook.com\/TheWinePlace","https:\/\/x.com\/MarkoneillES","https:\/\/www.instagram.com\/thewineplace","https:\/\/www.linkedin.com\/company\/thewineplace-es\/","https:\/\/www.youtube.com\/channel\/UCOzo67E6rQDwHmPAi8EiEdA"]}]}</script>
<!-- / Yoast SEO plugin. -->

Weinrieder Grüner Veltliner | Weinviertel | White

Weinrieder Grüner Veltliner (Weinviertel): dry, fresh white with citrus and spicy notes.

Vino Weinrieder Grüner Veltliner
